 - 9)?
9
Calculate -41 + 51 + (-6 - 2).
2
What is the value of 1 - (7 + -9) - -4?
7
Evaluate -5 - (4 + (-10 - -3)).
-2
What is the value of -9 + 6 - 4 - -3?
-4
What is 15 + -15 - (1 + -2)?
1
Calculate 16 - (-13 - -2 - -19).
8
Calculate -3 - -3 - (-1 - -2) - -1.
0
What is the value of -2 - (-4 - -11 - 11)?
2
What is 0 + 1 + (10 - 3 - 10)?
-2
What is 2 + -3 + 1 + -5 + 4?
-1
Calculate -1 + 7 + (-12 - -5 - -6).
5
2 - ((-2 - 0 - 0) + 4)
0
-1 - -2 - (0 + 2)
-1
What is -44 - -35 - (-6 + 0)?
-3
What is the value of -7 + 10 + 0 + -6?
-3
Calculate -1 + 14 - (-7 - -14).
6
What is 1 + -4 - (71 + -74)?
0
What is the value of 2 + 3 + -5 + 0 - 4?
-4
What is the value of 1 + (-1 - (3 - (-3 - -9)))?
3
Evaluate 2 + (-3 + -3 - 4) + 3.
-5
-1 + 0 + (-18 - -10) + 4
-5
Calculate (2 + 1 - 1 - 2) + 3.
3
Evaluate 8 - 12 - (2 - 4).
-2
Calculate 8 - 10 - ((-2 - -1) + 1).
-2
What is -2 + (0 - (-2 - -3))?
-3
(12 - 1) + -2 + -140 + 134
3
Calculate 2 + (-3 - -4) + 1.
4
Calculate 4 + -4 + 2 + 4 - 4.
2
What is 5 + -5 - (7 - (3 - -1))?
-3
Calculate 5 - (-8 + (3 - 2) + 5).
7
-6 + 1 + 11 + -12
-6
What is the value of 29 + -28 + (2 - 0) + -6?
-3
Calculate 2 + -15 + 12 + (-1 - -5).
3
What is -7 - (2 + 2) - -2?
-9
1 - (-6 + 4 - -1)
2
What is -6 - ((3 - 19) + 10)?
0
What is 2 + 0 + -10 + 5?
-3
What is (-8 - -1) + -11 + (-22 - -36)?
-4
Calculate -3 + (2 - 3) - -3.
-1
Calculate -3 + 1 + 4 - -1.
3
Calculate (-6 - -7) + -3 + 1.
-1
(11 - 8) + 2 + -4
1
What is the value of (0 - -4 - 1) + -1 + 2?
4
What is (24 - 29) + (9 - (2 - 0))?
2
(-12 - -12) + -11 + 6 + -2
-7
Calculate (-2 + -2 - (0 + 1)) + 1.
-4
Evaluate 0 + 0 + -2 + 3.
1
Evaluate (-1 - (-2 + 3) - -4) + -2.
0
Calculate 3 + (-3 - (3 + -3) - -1).
1
Evaluate -1 + 1 - (-4 - -4 - -2).
-2
What is the value of 9 + -2 + -3 + (0 - 0)?
4
Evaluate 8 - -1 - (11 - (-16 + 26)).
8
What is the value of -7 + 3 + 0 - (1 + -1)?
-4
What is -1 + ((4 - 4) + -2 - -3)?
0
What is the value of 4 + 2 - (-2 + 8 + 7)?
-7
What is -6 - ((1 - 3) + -6 + 1)?
1
3 + -7 - (0 + -2)
-2
Calculate 0 + 1 + 3 + 2 - 3.
3
What is the value of (1 - 4) + -9 + 12?
0
What is the value of (-1 - 0) + -7 + 11?
3
1 - -5 - (64 + -49)
-9
-11 - (9 + (-12 - 2))
-6
Evaluate 0 + 2 + 0 - (-1 + 8).
-5
What is the value of 0 + (-7 - -5 - -3)?
1
5 - (6 - (-4 + 6)) - -4
5
What is -1 + (2 + 4 - 0)?
5
-2 + 1 + (1 - 1) + -2
-3
Evaluate (1 - -1) + (-26 - -20) - -10.
6
Calculate 6 - (10 - 10 - (1 - 3)).
4
What is the value of (-6 - -2) + 0 - (-9 - -3)?
2
Calculate -5 + (-4 - (-7 - 7)).
5
-2 + 15 - (-7 - -21)
-1
What is the value of 5 + -2 + (-2 - 2)?
-1
Evaluate (1 + 11 - (9 - 7)) + -3.
7
Evaluate 3 + (-2 - 2) - -2.
1
Calculate -3 - (-5 + -1 - 6).
9
What is -12 + 5 - -9 - -2?
4
-5 + 1 - (1 - (1 + 6))
2
What is 10 + (4 - 7) - 4?
3
What is -1 + (6 + -8 - (1 + -3))?
-1
Evaluate -2 + (-8 - (-18 - -1)).
7
What is the value of 0 + 0 - (2 + -3 + 2)?
-1
Evaluate 6 - ((-4 - -3) + 3) - -1.
5
Evaluate (-2 - 1) + -2 + 8.
3
Evaluate 3 + 8 + -8 + -5.
-2
What is -1 + 5 + 0 - (5 - 2)?
1
What is the value of -4 + 1 - (0 + (-2 - -4))?
-5
What is (-8 - 4) + (44 - 22)?
10
Evaluate -4 + (-1 - 4 - (-11 - -1)).
1
Calculate 6 + 3 + (-3 - 1).
5
Calculate 3 + -8 - (3 + -11).
3
What is 2 + 7 + -1 + -6?
2
What is the value of 8 - -1 - 6 - 0?
3
Calculate -4 + 10 + -4 - -1.
3
Evaluate 0 + (4 - (5 + -4)).
3
(-9 + 1 - 2) + 7
-3
-5 + -3 + -2 + 8 - -5
3
(0 - -3) + -6 + 3
0
Calculate -6 - (-9 + -2 + 4).
1
Calculate (-2 + 1 - 0) + -1 - -2.
0
What is -1 - (3 + 3 + -11)?
4
-4 + -5 + 5 + -1
-5
Calculate 0 - (-13 + 8 + 1).
4
Calculate -2 - (-2 + -1 + (1 - -4)).
-4
Evaluate -1 + (5 - 12) + 2 + 6.
0
Evaluate -11 + 4 - (1 + -2).
-6
What is the value of 7 + 2 + -1 + (-4 - -1)?
5
What is -8 + 10 - (-2 - -9)?
-5
Calculate (-7 - -9) + -2 + 1 + -5.
-4
What is (11 - (12 + 8)) + 13?
4
-3 + -1 + 3 + (-2 - 2)
-5
What is the value of 6 + (14 - 9 - 11)?
0
What is the value of -4 + 0 - (-4 + 5)?
-5
What is 5 - (-6 + 4 + 3)?
4
Calculate (0 - -4 - 6) + 3.
1
What is the value of 5 + (1 - 1 - 1)?
4
Evaluate 4 + (2 - 9) - -2.
-1
-1 + -2 - (15 - 24)
6
What is the value of 1 - (0 - -3) - -4?
2
What is (3 - 2) + -2 + (0 - 2)?
-3
What is 10 + (-10 - (-2 - 3))?
5
What is (-1 - 0) + (17 - 11)?
5
-4 - (-11 + 6) - 1
0
-2 + (15 - 11 - (4 - 2))
0
What is -4 + (1 - (3 - 5))?
-1
Calculate -2 + -3 + (-9 - (-8 - -4)).
-10
What is -1 + (2 - 1 - 3) + -1?
-4
What is the value of (8 - -3) + 1 + -7?
5
4 - (0 + 2) - 2
0
Calculate (-8 - -5 - 5) + 1.
-7
Evaluate -59 + 53 - (0 + -11).
5
-3 - (2 + -9 + 3 - -6)
-5
What is the value of -6 + (-5 - (5 + -5 - 8))?
-3
Calculate 0 - (3 - (9 + -2) - 0).
4
Evaluate -15 + 17 + (1 - 7) + 1.
-3
1 - (6 + (-5 - -2)) - -5
3
Calculate -4 - (-10 + 6 + -2) - 1.
1
(6 - 2) + 3 + -6
1
Evaluate -6 + -3 - (-8 + -1).
0
Calculate 1 - 6 - ((3 - 4) + -2).
-2
Evaluate 4 - (1 - -11 - 4).
-4
What is -6 - 3 - (-2 - 4)?
-3
Evaluate -3 - ((2 - 7) + 12 + -5).
-5
What is the value of -4 - -11 - (-2 + 9)?
0
Evaluate -1 + 3 + -7 + -2 + 2.
-5
What is the value of (1 - -3) + 4 - 7?
1
Evaluate 3 - (-3 - -6 - (2 + -3)).
-1
Evaluate 3 - (6 + 4) - -7.
0
Evaluate (2 + -1 - 0) + 7 + -5.
3
What is 7 + 1 - (4 + -1)?
5
Evaluate -5 - ((0 - (-1 + 4)) + 3).
-5
What is -8 - (-1 + -19 + 13)?
-1
Evaluate 3 - 1 - (-14 + 10 + 1).
5
Calculate 0 + 3 - (1 - -4).
-2
What is the value of (-3 - (1 + -5)) + 2 + 1?
4
Evaluate 7 - (11 - 13 - (-3 + -2)).
4
9 + -4 + -6 + -3 + -1
-5
What is 44 - 43 - (1 + -9)?
9
Calculate -12 - (1 + (-10 - -4)).
-7
What is the value of -1 + -3 + -2 + 19 + -13?
0
Evaluate 3 - (3 + 1 - 3) - 5.
-3
Calculate -3 + 3 + (20 - 25).
-5
83 - 81 - (1 + 6)
-5
Evaluate 7 - (8 - 1) - (-5 + 1).
4
Evaluate -6 + 2 + 3 + -10 + 6.
-5
What is the value of 3 - -1 - ((10 - 11) + -1)?
6
What is -31 + 35 - (5 - -1)?
-2
What is -8 + 5 + -3 + (0 - -1)?
-5
What is -6 + (-4 - -5 - -3) + 4?
2
1 - (3 - 1 - 2)
1
Calculate -2 - ((0 - 6) + 3 + 4).
-3
-1 + -2 - (5 - 8)
0
2 - (-3 + 7 + -4 + 4)
-2
Calculate -6 + (-5 + 6 - -5) - 4.
-4
-6 + (3 - 1 - -1) - 1
-4
Evaluate -5 + 5 + -1 + 3.
2
What is the value of 2 + (-7 - 3 - -4) - -11?
7
Evaluate 0 - (0 + -3 + 4).
-1
Evaluate -3 + -2 - (11 - 13).
-3
What is the value of (4 - -7) + -4 - 7?
0
Evaluate -2 + (-4 - (-2 + -2)) + 0.
-2
Calculate (0 - -1 - 2 - 6) + 4.
-3
What is 0 + (-1 - 0) + -4?
-5
(5 - (-8 - 1)) + -8
6
Calculate 5 + -7 - (-3 + -3).
4
Evaluate -6 + 1 + 39 + -43.
-9
Calculate 4 - (3 + (-7 - -11)).
-3
Calculate 1 - ((12 - 5) + (-6 - -1)).
-1
What is 3 + -7 - -3 - 2?
-3
What is the value of 9 + -16 + (3 + -2 - -3)?
-3
What is 4 - (4 - (-3 + 1))?
-2
Calculate -2 - (-6 + 0 - -4).
0
Calculate 0 + 5 - 0 - (45 - 39).
-1
Calculate 0 - (-4 - (-11 + 7 - -2)).
2
-4 + 28 + 29 + -44
9
What is the value of -1 + 6 + 16 + -22?
-1
Evaluate 2 + -6 + 0 - -4.
0
Calculate 3 - -2 - 18 - -7 - -6.
0
Calculate -6 - (-2 - (-5 + 4)).
-5
Calculate 3 + -2 + -3 + 0.
-2
What is 4 - (7 - (-6 - (-2 - 3)))?
-4
Calculate (-2 - (2 - 4)) + -3.
-3
What is (-2 - -4) + -6 + 4?
0
What is the value of (-3 - (11 + -1)) + 21?
8
Evaluate -3 + (0 - (-2 - 1 - -5)).
-5
-36 + 31 + (9 - 0)
4
-3 - (0 + -1 + -2 - 3)
3
0 + 7 + -4 - 1
2
Calculate (0 - -2) + -14 + 15.
3
Calculate -1 - -5 - (3 + (-1 - 1)).
3
4 + (-5 - -6 - -6) + -5
6
Evaluate 5 + -10 + 2 + 1.
-2
What is the value of 4 - 2 - (7 - 0)?
-5
Calculate -6 + (-4 + 3 - -10 - 4).
-1
Evaluate 6 - (2 + 1 - -8).
-5
What is the value of 9 + -2 + (-3 - 0)?
4
What is the value of (-12 + 30 - 13) + -10?
-5
Evaluate 8 + 2 + 0 + -5 + 2.
7
-17 - -17 - (-1 + -1)
2
Evaluate 5 + (-6 - (-7 - -12)).
-6
What is the value of 4 + (-5 - -3) + 2?
4
Evaluate -1 - (-9 + 11 - 9).
6
What is the value of 0 + 5 + 2 + (21 - 24)?
4
(10 - 3) + -2 + -4 + 1
2
Calculate 1 + -8 - (-30 - -24).
-1
What is the value of 4 - 7 - (-5 + 2)?
0
Calculate 10 + -8 - (0 - -1) - 6.
-5
(-3 - 3) + 19 + -7 + -4
2
-3 + (-6 - (0 - 4)) - -7
2
What is (-11 - (-7 + 15 + -8)) + 8?
-3
Evaluate (2 + 17 - 9) + -4.
6
What is -3 + 7 - (4 - 5)?
5
What is the value of -2 + -2 - (8 + -4 + -5)?
-3
Evaluate 5 + (-1 + 4 + -1 - 5).
2
What is (0 - 2) + (16 - 14)?
0
-7 + -1 + -1 + 16
7
What is (-1 - 8) + (-60 - -69)?
0
-1 - (0 + (-7 - -4))
2
4 + 0 + -12 - (3 - 8)
-3
Evaluate -1 - (-1 + 2 + 1).
-3
Evaluate 5 + -1 + -5 + 8 + -4.
3
Calculate -6 - (-7 + (12 - 8)).
-3
What is 0 + 0 + (31 - 30)?
1
What is 4 - 3 - 5